037 composite?
True
Is 3216090589 a composite number?
False
Is 5593496141 prime?
False
Is 368239199 a composite number?
False
Is 13387973219 prime?
False
Is 20596208111 a composite number?
False
Is 19242832069 prime?
True
Is 254459129129 composite?
False
Is 316798505 composite?
True
Is 2589223151 a prime number?
False
Is 33782890877 composite?
True
Is 61047733807 composite?
True
Is 401610977 prime?
True
Is 854146851 a prime number?
False
Is 166239751697 a prime number?
True
Is 30066209 a prime number?
True
Is 92673630887 a composite number?
False
Is 28189974811 composite?
False
Is 22370113 a prime number?
False
Is 52445033 prime?
True
Is 7313757751 a composite number?
False
Is 24211834103 a composite number?
False
Is 4711499227 a prime number?
True
Is 4118121961 prime?
True
Is 4768186541 a composite number?
False
Is 4350473741 a prime number?
False
Is 15651090481 composite?
True
Is 24702247 prime?
True
Is 15673965449 composite?
False
Is 19949732731 a composite number?
False
Is 2905842638 prime?
False
Is 1563793261 composite?
False
Is 7618608649 composite?
True
Is 366814619 a prime number?
True
Is 1847834713 prime?
True
Is 212325474421 prime?
True
Is 37801723 prime?
False
Is 6649117126 composite?
True
Is 1911420239 composite?
True
Is 1981414597 a composite number?
True
Is 93505869139 composite?
False
Is 144780767 composite?
True
Is 5147117657 a composite number?
True
Is 28738692467 prime?
True
Is 14910877363 a composite number?
False
Is 5900567 a composite number?
False
Is 316885469071 composite?
False
Is 10662413161 a prime number?
False
Is 361233853 composite?
False
Is 1326118081 prime?
True
Is 837867799 composite?
True
Is 268487407 composite?
False
Is 3863637409 a composite number?
False
Is 404115091 composite?
True
Is 12243861713 a prime number?
False
Is 76832749907 prime?
True
Is 8799052387 a composite number?
False
Is 12026254609 prime?
False
Is 152071876417 a composite number?
True
Is 23870558711 prime?
False
Is 22144609273 prime?
True
Is 1740777551 prime?
True
Is 2229687013 composite?
False
Is 4669281917 a composite number?
False
Is 68254565 composite?
True
Is 326130559 a composite number?
False
Is 1830516607 composite?
True
Is 1018050139 composite?
False
Is 8999330833 a prime number?
True
Is 8172577001 a prime number?
True
Is 562264627 a prime number?
False
Is 668541607 a prime number?
True
Is 47273677531 composite?
False
Is 10560051923 prime?
True
Is 1583453807 composite?
True
Is 9386002169 prime?
False
Is 1461072763 prime?
True
Is 11132969017 a prime number?
True
Is 4097002807 prime?
True
Is 14038836143 prime?
True
Is 44928071 composite?
False
Is 796994503715 composite?
True
Is 2721862853 a prime number?
True
Is 1295771977 prime?
False
Is 2323333981 prime?
False
Is 70696854671 a prime number?
True
Is 321205837 a composite number?
True
Is 36189268187 composite?
False
Is 39941024393 composite?
False
Is 15769260571 composite?
True
Is 2868810379 a composite number?
False
Is 36719734 composite?
True
Is 25603397702 a composite number?
True
Is 5788265369 composite?
False
Is 939072833 a composite number?
False
Is 1307953927 a prime number?
False
Is 4905005953 a prime number?
False
Is 4104310499 composite?
True
Is 1084215469 a prime number?
False
Is 363384679 a prime number?
False
Is 5377186509 composite?
True
Is 30658487 a composite number?
True
Is 33146131267 a composite number?
False
Is 7080996803 composite?
False
Is 27570400477 a composite number?
True
Is 4445852513 prime?
False
Is 79212403783 prime?
False
Is 5142067423 a composite number?
False
Is 12859342289 a prime number?
True
Is 9661509778 prime?
False
Is 38263385687 composite?
False
Is 768714433 composite?
False
Is 21133388599 a prime number?
True
Is 10751249239 a prime number?
True
Is 7429210331 a prime number?
True
Is 150890219 a composite number?
True
Is 46997609203 a composite number?
False
Is 54401912477 prime?
False
Is 900800783 a prime number?
True
Is 591592739 a prime number?
True
Is 60450467523 a prime number?
False
Is 27091103359 prime?
False
Is 260520803 prime?
True
Is 103829460391 composite?
False
Is 219244966943 a prime number?
True
Is 164289841 a composite number?
True
Is 835708351 composite?
False
Is 156097236049 prime?
False
Is 4276743503 prime?
False
Is 5303253133 a prime number?
False
Is 768016321 a prime number?
False
Is 50044099369 a composite number?
True
Is 815905193 prime?
True
Is 671309857 prime?
True
Is 1039204793 a composite number?
True
Is 94581076411 prime?
True
Is 1310438639 a prime number?
False
Is 4134847097 a prime number?
False
Is 153662804953 a prime number?
False
Is 1154023051 composite?
True
Is 4432680301 a composite number?
True
Is 32181380377 prime?
True
Is 2505450813 prime?
False
Is 175983293 a prime number?
False
Is 36279191 a composite number?
True
Is 18877616227 prime?
False
Is 8105779345 prime?
False
Is 6582438997 a composite number?
True
Is 2811683 a prime number?
False
Is 249934013363 prime?
True
Is 7043301878 composite?
True
Is 143932645861 a prime number?
True
Is 3100326071 a prime number?
True
Is 4688227381 prime?
False
Is 972995983 a prime number?
True
Is 169170521671 prime?
True
Is 3329711761 a prime number?
True
Is 19143423718 prime?
False
Is 3613509791 composite?
True
Is 80770579823 prime?
True
Is 49893298073 composite?
False
Is 15929942207 a composite number?
True
Is 5037621029 a composite number?
True
Is 2997157259 a prime number?
True
Is 65524524397 a composite number?
False
Is 63945697241 a prime number?
True
Is 22186098551 a prime number?
True
Is 4276583123 prime?
True
Is 52662461 prime?
True
Is 255158952365 composite?
True
Is 1837206001 a prime number?
False
Is 1264184161 a prime number?
False
Is 1915900123 composite?
False
Is 737165161 prime?
True
Is 6729072593 a prime number?
True
Is 575504033 composite?
True
Is 1086795113 prime?
True
Is 3775226401 a prime number?
False
Is 221263829 prime?
True
Is 273012287 composite?
False
Is 17029863007 prime?
True
Is 170645633029 a composite number?
False
Is 2656981163 a composite number?
False
Is 336556789 a composite number?
True
Is 3263808893 a composite number?
True
Is 64854868747 prime?
False
Is 3244099451 a composite number?
False
Is 17541724163 composite?
False
Is 94170714973 a composite number?
False
Is 10004349983 a composite number?
True
Is 14599848605 composite?
True
Is 7210154429 composite?
True
Is 6940632941 prime?
False
Is 1323265443 composite?
True
Is 5025417751 a composite number?
True
Is 30039608801 a composite number?
False
Is 587926627 composite?
False
Is 1066379515 a prime number?
False
Is 5909806621 composite?
True
Is 31060582837 a prime number?
True
Is 38889908143 composite?
False
Is 4848197741 a prime number?
True
Is 161747077 a composite number?
True
Is 20955689497 a prime number?
False
Is 5564453863 a prime number?
False
Is 1492107949 a prime number?
False
Is 8535683033 a composite number?
False
Is 13948567517 a prime number?
True
Is 1327413963 a composite number?
True
Is 3731156773 a composite number?
True
Is 1986092023 composite?
False
Is 301968586879 composite?
True
Is 75110467 prime?
False
Is 3188006989 a prime number?
False
Is 8345811589 a composite number?
False
Is 5872102211 a prime number?
True
Is 4296547511 composite?
False
Is 54632525917 a prime number?
False
Is 104513401 composite?
False
Is 65107993 prime?
True
Is 19731714271 prime?
True
Is 873163873 a composite number?
True
Is 80286828637 a composite number?
False
Is 12633650543 a composite number?
False
Is 538432259 a composite number?
False
Is 8812700101 a prime number?
False
Is 3495791653 composite?
True
Is 125102293 a composite number?
False
Is 2184258857 composite?
True
Is 1154983891 a prime number?
True
Is 3621978131 prime?
True
Is 14015171893 composite?
False
Is 209179793 prime?
False
Is 35536652731 prime?
False
Is 158630725189 a prime number?
False
Is 1530826327 a prime number?
True
Is 74497984129 composite?
False
Is 52494284777 prime?
False
Is 1155895553 prime?
False
Is 486902623 prime?
True
Is 5578746167 a prime number?
True
Is 4641827321 a composite number?
False
Is 4248286079 a composite number?
True
Is 310002067 a composite number?
False
Is 77438084683 a composite number?
True
Is 4692964117 composite?
True
Is 238593607 a prime number?
False
Is 2018971481 composite?
False
Is 215598376